.
743
What is the highest common divisor of 13680 and 1842696?
1368
Calculate the greatest common factor of 15093 and 491361.
1677
Calculate the greatest common divisor of 1628 and 30376852.
1628
What is the greatest common divisor of 8 and 115459496?
8
What is the greatest common divisor of 170142 and 289758?
42
What is the highest common divisor of 14064 and 17531948?
1172
Calculate the greatest common factor of 7176 and 335777.
299
Calculate the greatest common divisor of 117334 and 66178.
406
What is the greatest common divisor of 4708939142 and 626?
626
Calculate the highest common factor of 1157904 and 66096.
2448
What is the highest common factor of 5713656 and 5200?
104
What is the highest common factor of 467846 and 4?
2
Calculate the highest common divisor of 4 and 476958.
2
What is the highest common divisor of 36 and 709713?
9
What is the highest common factor of 7955 and 809905?
215
What is the greatest common divisor of 2467326 and 1568418?
1038
What is the highest common divisor of 50841 and 591381?
189
Calculate the highest common divisor of 426754 and 1126.
1126
Calculate the highest common divisor of 6189457 and 40073.
3643
What is the highest common divisor of 2992 and 375716?
44
Calculate the greatest common factor of 3263424 and 5152.
736
Calculate the highest common factor of 14082 and 1593652899.
7041
What is the greatest common factor of 2429 and 210469033?
347
What is the greatest common divisor of 2211383 and 89?
89
Calculate the highest common divisor of 15634134 and 46656.
1458
What is the highest common divisor of 11543 and 4417?
7
What is the highest common divisor of 670 and 92172905?
335
What is the highest common divisor of 8352 and 13523976?
2088
What is the highest common divisor of 264 and 3449112?
24
What is the greatest common factor of 31541554 and 88?
22
What is the highest common factor of 271 and 3163?
1
What is the greatest common factor of 27 and 10313703?
27
Calculate the highest common factor of 146546010 and 117.
117
What is the highest common factor of 4436412 and 200334?
1038
What is the highest common factor of 29246032 and 64?
16
Calculate the greatest common factor of 1305 and 38805.
15
What is the greatest common factor of 330912 and 49032?
216
What is the highest common factor of 268427671 and 136?
17
Calculate the highest common divisor of 8382 and 86147402.
2794
Calculate the highest common factor of 11919 and 371407.
137
What is the greatest common factor of 217041 and 25861?
11
What is the greatest common factor of 7974949763 and 9427?
9427
Calculate the highest common divisor of 237728 and 28576.
608
Calculate the highest common divisor of 5536 and 65696.
32
What is the greatest common factor of 39336 and 87673388?
6556
Calculate the greatest common factor of 8312391 and 27.
9
Calculate the highest common factor of 8584 and 4246934.
2146
Calculate the greatest common factor of 4735256912 and 38.
38
What is the highest common factor of 89320 and 14332380?
580
What is the greatest common divisor of 427950 and 1950?
150
Calculate the greatest common divisor of 41261 and 91355.
121
What is the greatest common divisor of 1023 and 11325137?
31
What is the greatest common divisor of 10860 and 48116316?
2172
What is the greatest common divisor of 1732167051 and 2433?
2433
What is the greatest common factor of 23551088 and 176?
176
Calculate the highest common divisor of 407782440 and 32760.
4680
Calculate the highest common factor of 450164 and 102674.
286
Calculate the greatest common divisor of 362241 and 22374.
99
What is the highest common factor of 54320 and 11725?
35
Calculate the greatest common divisor of 9036016 and 3608.
88
Calculate the highest common factor of 40 and 498313070.
10
Calculate the highest common factor of 3132731 and 40160.
251
What is the greatest common divisor of 203934 and 23616?
246
What is the highest common divisor of 244485 and 81?
27
What is the highest common factor of 81383981 and 357?
119
Calculate the highest common factor of 258 and 882489.
129
What is the highest common divisor of 9208400 and 7600?
400
What is the highest common divisor of 6045472 and 2720?
544
What is the highest common factor of 1468714 and 12818?
26
Calculate the highest common factor of 2040 and 3355545.
255
Calculate the highest common divisor of 1619825 and 50.
25
What is the greatest common divisor of 424428 and 11790084?
3756
Calculate the greatest common factor of 7522 and 65900242.
7522
Calculate the greatest common divisor of 24253749 and 58032.
3627
What is the greatest common factor of 808281 and 9?
9
Calculate the highest common divisor of 350952741 and 72.
9
What is the greatest common divisor of 37872604 and 220?
44
What is the highest common divisor of 41 and 120219544?
41
What is the greatest common divisor of 47369796 and 17870?
3574
What is the greatest common factor of 18355813 and 217?
217
Calculate the greatest common divisor of 2485793 and 3.
1
Calculate the greatest common factor of 57731200 and 51200.
3200
What is the greatest common divisor of 305672 and 12008?
152
Calculate the greatest common factor of 3707 and 429001.
337
Calculate the greatest common divisor of 15895 and 120646229.
3179
Calculate the highest common factor of 247 and 27038102.
247
What is the greatest common factor of 285 and 1048816815?
285
Calculate the greatest common factor of 174500 and 168916.
1396
What is the greatest common factor of 311 and 122663?
1
What is the highest common factor of 4321436 and 1197?
133
Calculate the highest common factor of 870 and 132936.
174
Calculate the greatest common factor of 34872 and 103764.
12
What is the highest common factor of 89 and 470981681?
89
What is the greatest common divisor of 2418 and 20558278?
26
Calculate the greatest common divisor of 152004583 and 53.
53
What is the highest common factor of 1196482 and 12702?
58
What is the highest common divisor of 21242 and 1650340?
1634
What is the greatest common divisor of 123260749 and 184?
23
What is the greatest common factor of 16 and 3255788?
4
Calculate the greatest common factor of 5522811 and 243873.
1659
Calculate the highest common divisor of 24 and 30192684.
12
Calculate the greatest common divisor of 129743 and 17204.
23
What is the highest common factor of 591759 and 4185?
837
Calculate the greatest common divisor of 169545 and 77597.
127
Calculate the greatest common factor of 6 and 459632454.
6
What is the highest common factor of 1338 and 25616010?
1338
Calculate the greatest common divisor of 148051 and 449811.
943
What is the greatest common factor of 2970 and 3703920?
330
Calculate the highest common divisor of 46765209 and 129.
129
Calculate the greatest common divisor of 312 and 64461176.
104
What is the highest common divisor of 240 and 567480?
120
What is the highest common factor of 43 and 8318909?
43
What is the highest common divisor of 6984 and 147791916?
3492
What is the highest common factor of 2638494540 and 360?
180
Calculate the greatest common factor of 521 and 45163406.
521
Calculate the greatest common divisor of 119 and 1366281.
7
What is the highest common factor of 57694 and 209970656?
4438
Calculate the highest common factor of 85403622 and 2.
2
What is the greatest common factor of 35392 and 2659930?
1106
Calculate the greatest common factor of 25120 and 2584480.
160
What is the highest common divisor of 1750467 and 21681?
219
What is the greatest common divisor of 714 and 1276050?
6
Calculate the greatest common divisor of 70274 and 8684838.
1714
What is the highest common divisor of 4095584 and 11004?
524
Calculate the highest common factor of 3405326 and 2.
2
Calculate the highest common factor of 741 and 2572428183.
741
What is the highest common factor of 415925 and 26575?
25
Calculate the highest common factor of 6976 and 618288.
16
What is the highest common divisor of 11362910 and 1365?
65
What is the highest common factor of 1087329 and 591?
3
What is the highest common factor of 11928 and 47660312?
3976
Calculate the highest common divisor of 5788 and 12821867.
1447
What is the greatest common divisor of 815152 and 3848?
104
Calculate the greatest common factor of 856536 and 1407624.
2136
What is the highest common factor of 171341791 and 1